 23945 is divided by 1495.
25
What is the remainder when 17733 is divided by 300?
33
Calculate the remainder when 37432 is divided by 749.
731
Calculate the remainder when 151282 is divided by 305.
2
What is the remainder when 14989 is divided by 17?
12
What is the remainder when 25838 is divided by 5160?
38
What is the remainder when 27640 is divided by 144?
136
What is the remainder when 4603 is divided by 15?
13
What is the remainder when 63566 is divided by 135?
116
What is the remainder when 53442 is divided by 208?
194
What is the remainder when 581 is divided by 209?
163
Calculate the remainder when 8062 is divided by 122.
10
Calculate the remainder when 6942 is divided by 655.
392
Calculate the remainder when 25735 is divided by 4.
3
What is the remainder when 40473 is divided by 935?
268
What is the remainder when 47737 is divided by 10?
7
What is the remainder when 7679 is divided by 514?
483
What is the remainder when 48866 is divided by 393?
134
Calculate the remainder when 362892 is divided by 186.
6
What is the remainder when 945413 is divided by 60?
53
Calculate the remainder when 23909 is divided by 145.
129
Calculate the remainder when 603 is divided by 592.
11
What is the remainder when 46880 is divided by 2466?
26
What is the remainder when 1652 is divided by 399?
56
Calculate the remainder when 16323 is divided by 29.
25
What is the remainder when 175205 is divided by 46?
37
What is the remainder when 222833 is divided by 37134?
29
What is the remainder when 12569 is divided by 4170?
59
Calculate the remainder when 293378 is divided by 34.
26
What is the remainder when 6605 is divided by 600?
5
What is the remainder when 408143 is divided by 1222?
1217
What is the remainder when 3091 is divided by 170?
31
Calculate the remainder when 53613 is divided by 323.
318
What is the remainder when 212215 is divided by 177?
169
What is the remainder when 1346 is divided by 448?
2
What is the remainder when 89460 is divided by 3578?
10
Calculate the remainder when 10262 is divided by 10259.
3
What is the remainder when 2540 is divided by 1042?
456
What is the remainder when 812 is divided by 73?
9
What is the remainder when 17019 is divided by 133?
128
Calculate the remainder when 15829 is divided by 193.
3
What is the remainder when 64007 is divided by 84?
83
What is the remainder when 4346 is divided by 91?
69
Calculate the remainder when 27789 is divided by 2524.
25
Calculate the remainder when 75510 is divided by 2787.
261
What is the remainder when 42026 is divided by 76?
74
What is the remainder when 17583 is divided by 26?
7
Calculate the remainder when 1788 is divided by 63.
24
Calculate the remainder when 1883 is divided by 591.
110
What is the remainder when 1152 is divided by 190?
12
Calculate the remainder when 1237 is divided by 436.
365
What is the remainder when 15064 is divided by 2489?
130
Calculate the remainder when 152365 is divided by 29.
28
Calculate the remainder when 10266 is divided by 40.
26
What is the remainder when 30106 is divided by 6007?
71
What is the remainder when 842991 is divided by 188?
187
What is the remainder when 3000 is divided by 132?
96
Calculate the remainder when 256 is divided by 65.
61
Calculate the remainder when 1576 is divided by 220.
36
What is the remainder when 14426 is divided by 6498?
1430
Calculate the remainder when 130920 is divided by 744.
720
Calculate the remainder when 62089 is divided by 3649.
56
What is the remainder when 131489 is divided by 65723?
43
Calculate the remainder when 9111 is divided by 9.
3
What is the remainder when 50066 is divided by 403?
94
Calculate the remainder when 6173 is divided by 567.
503
Calculate the remainder when 313 is divided by 118.
77
What is the remainder when 6668 is divided by 71?
65
What is the remainder when 113422 is divided by 2766?
16
What is the remainder when 383821 is divided by 34?
29
Calculate the remainder when 29365 is divided by 25.
15
Calculate the remainder when 1297 is divided by 134.
91
What is the remainder when 7572 is divided by 944?
20
Calculate the remainder when 1931322 is divided by 576.
570
Calculate the remainder when 11902 is divided by 13.
7
Calculate the remainder when 119596 is divided by 33.
4
What is the remainder when 2761 is divided by 148?
97
What is the remainder when 551587 is divided by 1234?
1223
What is the remainder when 3141 is divided by 1043?
12
Calculate the remainder when 200418 is divided by 44.
42
What is the remainder when 173934 is divided by 28?
26
Calculate the remainder when 600915 is divided by 177.
0
Calculate the remainder when 457124 is divided by 18.
14
What is the remainder when 15374 is divided by 2535?
164
Calculate the remainder when 28860 is divided by 669.
93
What is the remainder when 31520 is divided by 7871?
36
What is the remainder when 128586 is divided by 1260?
66
What is the remainder when 3333050 is divided by 64?
58
What is the remainder when 917 is divided by 257?
146
Calculate the remainder when 12933 is divided by 404.
5
Calculate the remainder when 6960 is divided by 271.
185
What is the remainder when 50824 is divided by 795?
739
Calculate the remainder when 39046 is divided by 46.
38
Calculate the remainder when 43348 is divided by 43342.
6
What is the remainder when 191773 is divided by 104?
101
What is the remainder when 3734151 is divided by 34?
33
What is the remainder when 94710 is divided by 343?
42
Calculate the remainder when 11479 is divided by 212.
31
Calculate the remainder when 1136 is divided by 55.
36
What is the remainder when 44710 is divided by 1174?
98
Calculate the remainder when 4560 is divided by 2165.
230
What is the remainder when 1485 is divided by 30?
15
What is the remainder when 1076657 is divided by 538320?
17
Calculate the remainder when 55405 is divided by 31.
8
What is the remainder when 6109 is divided by 51?
40
Calculate the remainder when 19449 is divided by 45.
9
Calculate the remainder when 1868 is divided by 232.
12
Calculate the remainder when 9804 is divided by 9721.
83
What is the remainder when 6078 is divided by 71?
43
Calculate the remainder when 2805927 is divided by 935305.
12
What is the remainder when 1846 is divided by 170?
146
Calculate the remainder when 919915 is divided by 901.
895
Calculate the remainder when 31770 is divided by 7834.
434
What is the remainder when 2057 is divided by 1861?
196
What is the remainder when 9056 is divided by 1283?
75
What is the remainder when 235898 is divided by 71?
36
What is the remainder when 186455 is divided by 8?
7
Calculate the remainder when 1521 is divided by 21.
9
What is the remainder when 7579 is divided by 7568?
11
What is the remainder when 19086 is divided by 46?
42
Calculate the remainder when 16169 is divided by 896.
41
What is the remainder when 756713 is divided by 258?
257
What is the remainder when 7790 is divided by 20?
10
Calculate the remainder when 861024 is divided by 162.
156
Calculate the remainder when 40756 is divided by 337.
316
Calculate the remainder when 30575 is divided by 12.
11
What is the remainder when 2462 is divided by 613?
10
Calculate the remainder when 4357 is divided by 717.
55
What is the remainder when 1707286 is divided by 116?
114
Calculate the remainder when 4747 is divided by 4728.
19
Calculate the remainder when 8985 is divided by 7.
4
Calculate the remainder when 90285 is divided by 1505.
1490
What is the remainder when 17288 is divided by 2154?
56
What is the remainder when 24699 is divided by 18?
3
What is the remainder when 8238 is divided by 26?
22
What is the remainder when 1328 is divided by 310?
88
Calculate the remainder when 4343 is divided by 124.
3
What is the remainder when 116265 is divided by 344?
337
Calculate the remainder when 3475 is divided by 639.
280
What is the remainder when 682006 is divided by 227334?
4
What is the remainder when 15874 is divided by 42?
40
What is the remainder when 85066 is divided by 102?
100
Calculate the remainder when 17457 is divided by 60.
57
What is the remainder when 893 is divided by 463?
430
Calculate the remainder when 10524 is divided by 107.
38
Calculate the remainder when 2677 is divided by 669.
1
What is the remainder when 27686 is divided by 8?
6
Calculate 